rime factors of w(-6).
2
Let q(g) = -4*g + 9 + 10 - 9 + 5*g. Let i = 6 + -11. List the prime factors of q(i).
5
Let g(t) = t + 1. Suppose f + f - q - 11 = 0, 19 = -2*f - 5*q. List the prime factors of g(f).
2
Let f(g) = 8*g**3 - 2*g**2 - g. Let t be f(-1). Let b = 0 - t. What are the prime factors of b?
3
Let z(j) = -2*j. Let h be z(-3). Let d be 4*1/2 + h. Suppose 4*u = d*u - 36. List the prime factors of u.
3
Suppose 5*h = -3*q + 16 + 5, 0 = 5*h - 5*q - 5. Suppose 5*m - 6*d - 61 = -2*d, -5*d + 7 = h*m. What are the prime factors of m?
3
Let k = 11 - 9. List the prime factors of (0 - k) + (-2 - -10).
2, 3
Let t(d) = d - 6. Let w be t(7). Suppose -l = 3*z - 6, -3*z = -4 + w. What are the prime factors of l?
3
Let s = 195 + -119. Let i = s - 37. List the prime factors of i.
3, 13
Let k = -6 + -4. Let i = -7 - k. What are the prime factors of ((-4)/(-2) + i)/1?
5
Let s = -111 - -143. What are the prime factors of s?
2
Let a(d) = d**3 + 8*d**2 + 4*d - 8. What are the prime factors of a(-7)?
13
Suppose o + 2 - 5 = 0. What are the prime factors of o?
3
Let k(t) = 4*t**2 - 8*t - 13. Let a(y) = -y**2 + 2*y + 3. Let q(u) = -9*a(u) - 2*k(u). What are the prime factors of q(3)?
2
Let a be (-2)/(-7) + (-4)/14. Let u = a + 0. Suppose u*q = 4*q - 40. What are the prime factors of q?
2, 5
Suppose 0 = 2*p + s - 32, 3*p - 21 = 2*s + 34. List the prime factors of p.
17
Let n = 53 - 9. Let x = n - -8. Let g = -33 + x. List the prime factors of g.
19
Let u = 7 + -5. Suppose u + 1 = m. Suppose -28 = -2*z - 0*z - 3*f, m*z - 31 = f. List the prime factors of z.
11
Let o(s) = -2*s**3 - s**2 - 2*s. Let p be o(-2). Suppose -2*l = 3*w - 15, 0 = 3*w + 3*l - p - 2. List the prime factors of w.
3
Let v(m) = -8*m - 16. What are the prime factors of v(-5)?
2, 3
Let t(l) be the second derivative of -l**4/12 - 3*l**3/2 + 9*l**2/2 - 3*l. What are the prime factors of t(-8)?
17
Let n be (6/(-5))/(15/(-50)). Suppose 0 = -n*y + 2*y. List the prime factors of (y - (-2)/(-1)) + 6.
2
Let c be 2/5 + 92/20. Suppose -31 = -c*l + 9. List the prime factors of l.
2
Suppose 0 = -2*g - 2 + 4. Let p = 4 - g. Suppose -5*a - x - 4*x = -30, -5*x = -p*a - 14. List the prime factors of a.
2
Let r(b) = b**3 + 9*b**2 - 1. Let v be r(-8). Suppose -14*o + 11*o + v = 0. List the prime factors of o.
3, 7
Let g = 118 + -59. What are the prime factors of g?
59
Let l(c) = 4*c - 13. What are the prime factors of l(11)?
31
Let z be (-2 + 1)*1*-19. Suppose -4*f + 113 = -z. Suppose 0 = -0*i - 3*i + f. What are the prime factors of i?
11
Let d(o) = -32*o - 57. List the prime factors of d(-9).
3, 7, 11
Let f(r) = -r**3 - r**2 + r + 5. Let u be f(0). Let m(p) = -p**2 - 4*p + 5. Let a be m(-4). Suppose 20 = u*n, -2*w - a*n = -n - 32. List the prime factors of w.
2
Let f = 26 + -17. List the prime factors of f.
3
Suppose -6*r + 95 + 31 = 0. What are the prime factors of r?
3, 7
Suppose -25 - 45 = -5*r. Suppose 4*i - 46 = -r. List the prime factors of i.
2
List the prime factors of 1 + (-3)/(-6)*30.
2
Let k = -7 - 30. Let b = k - -72. What are the prime factors of b?
5, 7
Let y(b) be the third derivative of 1/120*b**6 - 1/30*b**5 + b**2 + 0*b + 0*b**3 + 1/24*b**4 + 0. What are the prime factors of y(3)?
2, 3
Let u = 164 - 125. What are the prime factors of u?
3, 13
Let z(j) = 5*j**2 - 2*j. Let i(g) = -g + 11. Let m be i(9). What are the prime factors of z(m)?
2
Let t be 2/10 + (-1044)/(-30). Suppose 2*f + 3 = t. What are the prime factors of f?
2
Let o(l) = 4*l + 4*l**2 - 3*l**2 + 5*l + 7. Let y be o(-9). Let c = y + 1. What are the prime factors of c?
2
Suppose 5*l + 52 = -8. Let z be (-58)/l + (-3)/(-18). Let w = -3 + z. List the prime factors of w.
2
Let t(b) be the second derivative of -1/6*b**3 + 3*b**2 + 0 + 2*b. List the prime factors of t(0).
2, 3
Suppose -5*j + 4*r = 17, 4*j + 13 = -4*r - 15. Let s(z) = 3*z + 13 + 0*z + 9 - 16 + z**2. List the prime factors of s(j).
2
Suppose -2*z + 0*z = -10. Suppose -2*a = -z - 43. Suppose -2*f + a = -0*f. What are the prime factors of f?
2, 3
List the prime factors of ((-1960)/21)/(-10)*(25 - 1).
2, 7
List the prime factors of (0 - -2)*36/(-8)*-7.
3, 7
Let p = 5 + -9. Let f(z) = -5*z - 5. List the prime factors of f(p).
3, 5
Let u(m) = m**3 - 4*m**2 - 6*m + 7. Suppose 0 = -0*i - 5*i. Suppose 3*o + i*o - 17 = -2*w, 4*o = -5*w + 25. What are the prime factors of u(o)?
2
Suppose z = -3*p - p + 250, -3*z + 766 = -4*p. What are the prime factors of z?
2, 127
Suppose 5*z - 247 = d, 3*z + 3*d = 7*z - 191. Suppose 4*t + 3*r = 75, -2*t + 5*r + z = 3*t. What are the prime factors of t?
3, 5
Let y(r) = -6*r**3 + r**2 + 2*r. Let j(s) = 12*s**3 - 2*s**2 - 3*s. Let h(k) = 3*j(k) + 5*y(k). What are the prime factors of h(1)?
2, 3
Let z = -9 + 6. Let p = z + -9. List the prime factors of ((-28)/p)/((-1)/(-3)).
7
Suppose -4*u + 5 = -l, 0*u - 2*l + 14 = 4*u. Suppose d + 2 = 5*r, -2*d = -u*r + 5*r - 48. List the prime factors of d.
2, 3
Suppose -58 - 17 = -5*j. List the prime factors of j.
3, 5
Suppose 5*z + 70 = 5*k, -k + 3*z = k - 33. List the prime factors of (22/3)/(6/k).
11
Let o(s) = -2 + 10*s - 4 + 3 + 0. Let c be o(4). Let j = c - 21. What are the prime factors of j?
2
Let f(w) = 1 - 2*w**2 + 5*w**3 - 4 + 2*w + 2. List the prime factors of f(2).
5, 7
What are the prime factors of -1 - 0 - (-29 + 4)?
2, 3
Let x(a) = -a**3 + 5*a**2 - 4*a + 1. Let r = 4 - 4. Let f(h) = h**2 + 3. Let k be f(r). List the prime factors of x(k).
7
Let n(c) = -c + 14. Let l be n(14). Suppose l = 2*y - 3*d - 31, -2*y = -y + 4*d - 10. What are the prime factors of y?
2, 7
Suppose 0 = -5*h + 20, v + h - 79 = 2*h. What are the prime factors of v?
83
Suppose -7*l = -3*l. Suppose a = -l*a + 12. What are the prime factors of a?
2, 3
Suppose 154 + 566 = 6*g. What are the prime factors of g?
2, 3, 5
Suppose 3*j = 4*d + 8, -3*j + 3*d - 4*d + 13 = 0. What are the prime factors of j?
2
Suppose 31 = 5*k + 6. Suppose -u = -h - 12, 7*u + k*h = 2*u + 100. Suppose -g = -3*g + u. List the prime factors of g.
2
Let t be -3*(10/6 + -1). Let q = t - -3. Suppose p - 3 - q = 0. List the prime factors of p.
2
List the prime factors of 0 + 4516/28 - (-4)/(-14).
7, 23
Suppose 4*r - 10 + 62 = 0. Suppose 17 = -2*u + 1. Let a = u - r. What are the prime factors of a?
5
Let a = 0 - -4. Suppose n = a*n - 39. What are the prime factors of n?
13
Let o(n) = n**3 + n**2 + n + 90. List the prime factors of o(0).
2, 3, 5
Let x be 47 + -4 + (1 - 1). List the prime factors of 0 + x + 3 + -7.
3, 13
Let w be (2/(-4))/((-2)/40). Suppose -5*m + 2*s + 8 = 0, -5*s = 2*m - 10 + 1. Suppose 4*h - 12 = 0, -x + m*h + w = x. List the prime factors of x.
2
Suppose -u - 4*q - 4 = 3*u, -2*u = -3*q - 18. Suppose -14 = -5*m + c, u*m + m - 3*c - 9 = 0. Suppose 0 = m*t - 24 - 15. What are the prime factors of t?
13
Suppose 0 = -l + 4*l + 3. List the prime factors of (2 + -1 + -16)*l.
3, 5
Suppose 5*i + 5*s + 12 - 2 = 0, 4*i - 3*s = 6. Let d be 4/10 + 740/25. Suppose i*u + 2*u - d = 0. List the prime factors of u.
3, 5
Suppose 7*v = 3*v + 12. Suppose 0 = -2*a + v*w + 8, 4*a + w + 10 + 2 = 0. What are the prime factors of (-4)/(-1*a/(-4))?
2
Let q = 13 + -10. Suppose -q*t + 8*t - 100 = 0. What are the prime factors of t?
2, 5
Let v = -19 - -26. Suppose 3*u - 3*r - 51 = 0, 67 = v*u - 2*u + 4*r. List the prime factors of u.
3, 5
Let j be (-1 - -1)/(-1 - 1). Let q(n) = n + 4. Let a be q(0). List the prime factors of ((-3)/a - j)*-8.
2, 3
Suppose 45 = -0*p + 3*p. Let h be p/(-10)*4/(-3). Let g = h + 0. What are the prime factors of g?
2
Let s(x) = x**3 + 2*x**2 - 1. Let v(f) = f + 4. Let m be v(-6). Let w be s(m). Let l(t) = -11*t**3 - 2*t - 1. What are the prime factors of l(w)?
2, 3
Let x = -17 - -38. List the prime factors of -1 - -4*x/6.
13
Let q(a) = a**2 + 3*a - 3. Let l be q(-4). Let k(u) = -2 - 1 + 7*u + l. List the prime factors of k(3).
19
Suppose -k + v + 33 = 0, -4*k + 119 = -k + 2*v. What are the prime factors of k?
37
Let k be ((-6)/4)/(4/16). List the prime factors of (8/(-12))/(k/117).
13
Let k(g) = g**3 - 2*g**2 - 4 + 0 - 2*g**2 + 5*g. Let s be k(3). Suppose s*t = 8 - 0. List the prime factors of t.
2
Let d = -135 + 216. What are the prime factors of d?
3
Let v = 3 + -22. What are the prime factors of v/1*4/(-4)?
19
Let y = -3 - -5. Suppose -y*u 